divisor of 3620 and 20.
20
Calculate the greatest common factor of 567 and 1029.
21
Calculate the highest common divisor of 9 and 831.
3
What is the greatest common divisor of 17 and 289?
17
Calculate the highest common divisor of 6 and 914.
2
What is the highest common divisor of 200 and 220?
20
What is the highest common divisor of 89 and 61321?
89
Calculate the greatest common factor of 10 and 520.
10
What is the highest common factor of 322 and 14?
14
What is the highest common factor of 10 and 245?
5
Calculate the highest common factor of 14 and 707.
7
What is the greatest common factor of 69 and 4416?
69
What is the greatest common divisor of 2645 and 10?
5
What is the greatest common factor of 13 and 8047?
13
Calculate the greatest common factor of 28117 and 31.
31
What is the greatest common divisor of 2954 and 14?
14
What is the highest common divisor of 450 and 216?
18
What is the greatest common divisor of 143 and 26?
13
What is the greatest common factor of 10 and 6395?
5
Calculate the highest common divisor of 25 and 2350.
25
Calculate the highest common factor of 19 and 76.
19
What is the highest common factor of 24 and 408?
24
What is the greatest common factor of 17589 and 41?
41
Calculate the greatest common factor of 6 and 4.
2
Calculate the highest common divisor of 86 and 258.
86
What is the greatest common factor of 312 and 15?
3
What is the highest common divisor of 50 and 480?
10
What is the highest common factor of 6464 and 64?
64
Calculate the greatest common divisor of 128 and 432.
16
What is the greatest common divisor of 963 and 36?
9
Calculate the greatest common divisor of 160 and 25280.
160
What is the highest common factor of 760 and 120?
40
What is the highest common divisor of 1430 and 30?
10
Calculate the highest common factor of 9 and 657.
9
What is the greatest common divisor of 1624 and 56?
56
Calculate the greatest common factor of 3 and 7.
1
Calculate the greatest common divisor of 315 and 126.
63
What is the greatest common divisor of 220 and 60?
20
Calculate the greatest common divisor of 42 and 28371.
21
Calculate the greatest common factor of 7952 and 112.
112
What is the highest common factor of 42 and 2478?
42
What is the greatest common factor of 2405 and 130?
65
What is the greatest common factor of 448 and 96?
32
What is the highest common divisor of 2120 and 80?
40
What is the greatest common factor of 175 and 140?
35
What is the greatest common divisor of 35 and 29365?
35
What is the greatest common divisor of 119 and 425?
17
What is the greatest common factor of 70 and 350?
70
Calculate the highest common factor of 4 and 562.
2
What is the highest common factor of 4 and 972?
4
Calculate the highest common divisor of 2 and 14.
2
Calculate the highest common factor of 551 and 19.
19
Calculate the highest common divisor of 9699 and 318.
159
Calculate the greatest common divisor of 164 and 164.
164
Calculate the highest common factor of 46 and 2645.
23
Calculate the greatest common divisor of 272 and 32.
16
Calculate the highest common factor of 450 and 135.
45
Calculate the highest common divisor of 15 and 2445.
15
Calculate the greatest common divisor of 435 and 165.
15
What is the greatest common factor of 25 and 10?
5
Calculate the greatest common divisor of 312 and 204.
12
What is the highest common factor of 12 and 204?
12
Calculate the highest common factor of 53 and 53.
53
What is the greatest common divisor of 171 and 7790?
19
Calculate the highest common divisor of 704 and 22.
22
What is the highest common divisor of 11 and 30239?
11
What is the greatest common divisor of 712 and 8?
8
What is the highest common divisor of 55 and 3036?
11
What is the greatest common divisor of 798 and 98?
14
What is the greatest common divisor of 329 and 188?
47
Calculate the greatest common divisor of 104410 and 10.
10
Calculate the greatest common factor of 735 and 2555.
35
Calculate the highest common divisor of 335 and 5.
5
What is the greatest common factor of 26061 and 34?
17
What is the highest common factor of 60 and 1940?
20
Calculate the highest common factor of 23 and 943.
23
Calculate the highest common factor of 112 and 272.
16
Calculate the greatest common divisor of 74 and 52799.
37
What is the greatest common divisor of 5 and 2275?
5
Calculate the greatest common factor of 832 and 4544.
64
What is the highest common factor of 1529 and 44?
11
Calculate the greatest common factor of 2 and 299.
1
Calculate the highest common factor of 855 and 1125.
45
What is the highest common divisor of 48 and 138?
6
Calculate the greatest common factor of 1727 and 44.
11
What is the greatest common divisor of 126 and 69993?
63
What is the highest common divisor of 10 and 45?
5
What is the highest common divisor of 96 and 720?
48
What is the greatest common divisor of 14 and 1358?
14
Calculate the greatest common factor of 1050 and 154.
14
Calculate the greatest common factor of 1998 and 370.
74
Calculate the highest common factor of 42 and 1526.
14
What is the greatest common divisor of 4 and 81?
1
Calculate the highest common divisor of 66 and 682.
22
What is the greatest common factor of 352 and 160?
32
What is the highest common divisor of 5208 and 8?
8
What is the greatest common factor of 2546 and 304?
38
Calculate the highest common factor of 252 and 18.
18
Calculate the highest common factor of 836 and 114.
38
What is the highest common divisor of 64 and 776?
8
Calculate the highest common divisor of 339 and 21244.
113
Calculate the highest common divisor of 448 and 288.
32
What is the highest common divisor of 98 and 602?
14
What is the greatest common factor of 22 and 2761?
11
What is the greatest common divisor of 45 and 225?
45
What is the highest common divisor of 14097 and 381?
381
Calculate the highest common divisor of 45 and 105.
15
What is the highest common divisor of 3 and 89?
1
Calculate the highest common divisor of 2 and 11.
1
What is the highest common divisor of 77 and 49?
7
Calculate the greatest common factor of 30 and 114.
6
What is the greatest common factor of 550 and 110?
110
Calculate the greatest common divisor of 8235 and 27.
27
What is the greatest common factor of 172 and 8?
4
What is the greatest common divisor of 20 and 180?
20
Calculate the greatest common factor of 15 and 27.
3
What is the greatest common divisor of 220 and 33?
11
What is the greatest common divisor of 3 and 2?
1
Calculate the greatest common factor of 18 and 936.
18
Calculate the highest common divisor of 488 and 183.
61
What is the highest common divisor of 10 and 50?
10
Calculate the highest common divisor of 1029 and 21.
21
What is the greatest common divisor of 31 and 341?
31
What is the highest common factor of 65 and 2405?
65
Calculate the highest common factor of 3872 and 128.
32
What is the greatest common divisor of 39 and 26?
13
What is the greatest common factor of 280 and 20720?
280
What is the greatest common factor of 5311 and 94?
47
Calculate the greatest common factor of 247 and 209.
19
Calculate the greatest common factor of 30 and 93.
3
What is the highest common factor of 640 and 192?
64
What is the greatest common factor of 78 and 5538?
78
Calculate the greatest common divisor of 110 and 2585.
55
What is the greatest common factor of 42 and 224?
14
What is the highest common factor of 252 and 1596?
84
What is the greatest common factor of 1839 and 9?
3
Calculate the highest common divisor of 875 and 6650.
175
Calculate the highest common divisor of 1343 and 578.
17
Calculate the highest common factor of 37 and 4.
1
What is the highest common divisor of 10 and 20?
10
What is the greatest common divisor of 45 and 459?
9
What is the greatest common divisor of 103 and 4841?
103
What is the greatest common factor of 9856 and 924?
308
Calculate the highest common divisor of 438 and 1241.
73
Calculate the highest common factor of 338 and 1859.
169
Calculate the highest common divisor of 1086 and 30.
6
What is the greatest common divisor of 7544 and 1472?
184
Calculate the highest common factor of 1212 and 12.
12
What is the greatest common divisor of 75 and 38400?
75
Calculate the greatest common factor of 7712 and 64.
32
What is the highest common factor of 3 and 177?
3
What is th